5 = 3*b. Is b a multiple of 10?
False
Let o(w) = -w**3 + 7*w**2 + 8*w - 6. Is o(7) a multiple of 10?
True
Is 30 a factor of (-7 - -64)/(1/5)?
False
Let n be (-111)/(-21) + (-2)/7. Suppose 2*p - n*p + 5*o + 193 = 0, 15 = -3*o. Suppose p = v + v. Is 14 a factor of v?
True
Let n(l) = -l**2 - 7*l - 4. Let d be n(-6). Suppose d*h = h + 32. Is 15 a factor of h?
False
Let k(p) be the second derivative of p**6/120 - p**5/15 - p**4/8 - 2*p**3/3 + 3*p**2/2 - 3*p. Let n(x) be the first derivative of k(x). Is 6 a factor of n(5)?
True
Let j(p) = -9*p + 9. Is 12 a factor of j(-7)?
True
Let u = -258 + 433. Suppose -2*t = 3*t - u. Let b = t + 7. Does 14 divide b?
True
Let m(f) = -20*f**3 - f**2 + 6*f + 10. Is 22 a factor of m(-2)?
True
Suppose -7*w + 72 = -3*w - 2*a, 3*w = 2*a + 55. Does 6 divide w?
False
Let w(o) = -8*o + 2. Let d be w(-2). Let t be (-12)/d + 308/3. Suppose -4*j - 3*l + l + 96 = 0, -5*j + 2*l + t = 0. Is j a multiple of 11?
True
Let u = -2 + 7. Suppose -46 - 19 = -u*v. Is v a multiple of 13?
True
Suppose 0 = -5*d + 105 + 335. Is 22 a factor of d?
True
Let n be 0/((-2)/1 + 3). Suppose n = -3*m + 2*m + 26. Does 14 divide m?
False
Is ((-27)/12)/(9/(-96)) a multiple of 9?
False
Let q(n) = -n**3 + 6*n**2 + 2*n - 9. Let j = -10 - -16. Let h be q(j). Suppose -p = 5*u - 85, -h*u - 2*u + 4*p + 110 = 0. Is 9 a factor of u?
True
Suppose -z - u = -5*u - 20, -5*z + 5 = -u. Suppose -b = -4*b + 24. Suppose z*j - b = -2*j. Is j a multiple of 3?
False
Let b be 5/2 + 1/(-2). Does 16 divide 2/2 - (-94)/b?
True
Does 20 divide 7/((-21)/9)*-38?
False
Suppose -5*r + 0*r + 220 = 0. Suppose -2*x + 5*x + 21 = h, -2*x = -4*h + r. Is h a multiple of 9?
True
Suppose -8*o + 256 = -0*o. Is o a multiple of 8?
True
Suppose -5*a + 90 = 3*w, -4*a + 69 = w + 2*w. Does 6 divide a?
False
Suppose 0 = 2*o - o - 12. Is 6 a factor of o?
True
Suppose -2*g + 3*s = -154, 3*s + 3 = -9. Is g a multiple of 12?
False
Let g be ((-2)/4)/((-2)/4). Suppose -c + 3 = -g. Is 12 a factor of (-1)/(-10)*c*30?
True
Suppose -4*a + 30 = a. Let l = -3 + a. Suppose 6*b + 5*d - 225 = 2*b, -l*b + 145 = -d. Is 17 a factor of b?
False
Let n(z) = -z**2 + 13*z + 2. Let d be n(6). Let q = -61 - -40. Let k = d + q. Is k a multiple of 23?
True
Let w(x) = -52*x**3 - x**2 + 34 - 34. Is w(-1) a multiple of 15?
False
Let g(x) = 2*x**2 + 12*x + 7. Does 5 divide g(-6)?
False
Suppose -d + 23 = -25. Is 8 a factor of d?
True
Suppose -4*a = -2*a + 122. Let l = 224 - 135. Let c = l + a. Is c a multiple of 10?
False
Does 27 divide (3 - 5/2)*1374/3?
False
Let z be -21 - (-3)/(0 + 3). Let f be (24/z)/(2/(-5)). Suppose 0*o + 4*g = -f*o + 122, 2*g = 4. Does 19 divide o?
True
Let p be (-1)/(-4) - 766/(-8). Suppose 3*s + 15 = p. Is 9 a factor of s?
True
Let m = 16 + -15. Suppose m - 14 = -p. Is p a multiple of 11?
False
Let g(f) = -4*f - 4*f + 4*f. Does 16 divide g(-4)?
True
Suppose 5*q - 21 = -3*f, 4*f + 0*f = -12. Let y = -4 + q. Suppose -4*a - y*c = -40, 0 = -a + 4*c + 1 - 0. Is 3 a factor of a?
True
Let a = -37 + 26. Let y = 0 - a. Is y a multiple of 11?
True
Let s = 54 - -6. Is 6 a factor of s?
True
Suppose -4*b + 72 = l, -5*l - 4*b - b + 405 = 0. Let h = -60 + l. Suppose -m = -j - j + h, 40 = 4*j - 4*m. Does 7 divide j?
True
Let q = -6 - -8. Is 10 a factor of q/5 - (-534)/15?
False
Let s(u) = u + 4. Let b be s(-2). Suppose 3*i - b*o = 20, -3*i - o + 4 = -i. Suppose 6 = i*d - 30. Does 6 divide d?
False
Let y = -20 + 129. Is y a multiple of 8?
False
Is (2 - (-4)/2) + 0 - -276 a multiple of 28?
True
Let l be 2 + (-2)/(6/(-9)). Suppose w = l, -d = -4*w - 0 + 18. Suppose -5*f - d*o + 136 = -0*f, 3*f = o + 75. Is 21 a factor of f?
False
Suppose 107 = 5*y + 2*g - 193, -5*g + 60 = y. Is y a multiple of 20?
True
Let x = 6 - 4. Suppose 0*p = -a - x*p + 2, 4 = -4*p. Suppose 0 = a*k - 9*k + 120. Does 12 divide k?
True
Let a(p) = p**2 - 2*p + 16. Does 8 divide a(0)?
True
Let k(v) be the first derivative of -v**4/4 + 10*v**3/3 + 5*v + 1. Does 2 divide k(10)?
False
Let y = -364 + 546. Is 9 a factor of y?
False
Is 21 a factor of 860/28 + -1 + (-27)/(-21)?
False
Suppose -4*z = 4, 0 = -2*o - 0*z - 2*z. Does 2 divide (-2 + -4)/(o - 3)?
False
Let k be 2/(-4) + (-7)/(-2). Let c = 7 - k. Let m = 6 + c. Is 10 a factor of m?
True
Suppose -2*p + 6 = -3*p. Is 5 a factor of (-9)/p + (-15)/(-2)?
False
Let s(i) = -69*i**3 - 2*i - 1. Does 12 divide s(-1)?
False
Let r be (0*(-1)/2)/(-1). Let z be -7*((-5)/7)/((-7)/(-14)). Let h = z + r. Is h a multiple of 4?
False
Suppose -3*b = -0*b - 15. Let k be 4/10 - (-33)/b. Suppose 0 = 2*w - 3*u - 17, k*w - 3*u = 2*w + 38. Is 6 a factor of w?
False
Let y(q) = -32*q + 11. Is y(-4) a multiple of 16?
False
Suppose 11*g - 9*g = 38. Is 4 a factor of g?
False
Suppose -35 = -3*m + 2*g, 2*m - 4*g - 26 = -2*g. Does 9 divide m?
True
Let l be ((-6)/5)/((-3)/10). Suppose n = -n + l. Suppose -4*z = 5*q - 64, 0 = q + 2*z + n*z. Is 8 a factor of q?
True
Let n be 0/(2 + (1 - 5)). Suppose n*k - 80 = -2*k. Is k a multiple of 17?
False
Suppose -2*x + 14 = 6, -200 = -h - x. Is h a multiple of 56?
False
Let z(s) = s**3 + 5*s**2 - 6*s. Let m be z(-6). Suppose u + 1 - 4 = m. Suppose -u*t = -2*w + w + 9, -3*t + 12 = 0. Is 19 a factor of w?
False
Suppose 4*r = 5*c - 505, 0 = -4*c + 3*r - 0*r + 405. Is c a multiple of 15?
True
Suppose b - 4 = 0, 2*j - 3*b - 2*b - 142 = 0. Is 27 a factor of j?
True
Let n(q) = q**3 + 9*q**2 + 4. Let y be n(-8). Let s = -23 + y. Is s a multiple of 15?
True
Let r be (2 + 1)/((-1)/(-2)). Suppose r = -2*t + 2. Is (34/(-1) - t)*-1 a multiple of 23?
False
Suppose -w + 3*r = -26 - 63, 3*r - 219 = -3*w. Is 25 a factor of w?
False
Does 4 divide (-122)/(-10) - (-4)/5?
False
Let o be ((-12)/14)/((-8)/56). Let h be (o - 8) + 4/2. Suppose h = -0*v - 4*v + 132. Does 13 divide v?
False
Let l(u) be the second derivative of u**4/12 - u**3/2 - u**2/2 - 9*u. Suppose -3*c + 3 = -7*c - w, 5*w = 25. Is 9 a factor of l(c)?
True
Let j(x) = x + 10. Let f be j(-6). Is 21 a factor of (62/8)/(f/32)?
False
Let h = 6 + -7. Is 14 a factor of (-37)/(2 + (h - 2))?
False
Let l = -10 + 98. Does 7 divide l?
False
Let j = 20 - -40. Is j a multiple of 14?
False
Let v be (15/(-9))/((-3)/9). Suppose 0 = 5*q - v*z - 75, z + 39 = 3*q - 4*z. Is 4 a factor of q?
False
Let a = 0 + 3. Suppose q = -2*o + 38, q + a*o = 7*o + 26. Suppose 2*k = 3*s + 4*k - q, 2*s - 19 = -5*k. Is 5 a factor of s?
False
Let b(k) = 2*k**2 - 3*k + 3. Let m be b(2). Let f = m + -3. Suppose -z = f*n, 3*z = -0*z - 2*n + 20. Does 5 divide z?
True
Suppose 0 = -4*m + 8*m - 176. Is 22 a factor of m?
True
Let y(h) = -h**3 - 3*h**2 - h + 4. Let b be y(-3). Suppose 106 = 2*t - 4*v, -b*t + 188 = -3*t + 4*v. Suppose 5*z = t - 14. Does 7 divide z?
True
Let m(z) = z**2 + 15*z + 19. Suppose 2*o - n = -23, -5*o + 2*n - 3*n = 75. Does 3 divide m(o)?
False
Suppose 5*v - 10 = -3*k, -2*k - v = -7*k - 2. Is (-5)/((-5)/2) - k even?
True
Let l = -10 + 15. Is 4 a factor of (-7 + 3)/((-2)/l)?
False
Let i(q) = -12*q - 22. Is 19 a factor of i(-8)?
False
Suppose 19*c - 2360 = 11*c. Is c a multiple of 12?
False
Suppose 0*d = 3*g + d - 96, -4*d = 4*g - 136. Suppose 3*z - 5*c - 71 = 0, -c - g - 41 = -4*z. Does 17 divide z?
True
Suppose 3*c - 73 = -2*i + 7*i, -4*c = 3*i - 78. Suppose -q - c = -4*p - 0*q, -5*q + 9 = -p. Is 2 a factor of p?
True
Suppose -18 = 2*j - 5*j. Suppose -3*u - j = -4*u. Does 5 divide u?
False
Suppose 5*j - 1383 = 587. Is j a multiple of 58?
False
Suppose 2*u = -0*u. Let f(n) = -2*n**2 + 26 + 3*n**2 - 7. Is 13 a factor of f(u)?
False
Let q(a) = -a**3 + 8*a**2 + 4*a - 6. Does 10 divide q(6)?
True
Let y = 10 - 7. Is (y/1 - -55)/2 a multiple of 12?
False
Let x = 6 - 16. Let j = x + 40. Suppose -4*c + j = o, 0 = -2*o + c - 13 + 37. Is 14 a factor of o?
True
Let d(a) = a**3 - 2*a - 1. Let p(t) = t**3 - 3*t**2 + t - 1. Let g(s) = s. Let u be g(3). Let o be p(u). Is d(o) a multiple of 2?
False
Let w(u) = 4*u**2 + 3*u - 10. Is 22 a factor of w(4)?
True
Suppose -2*y + 28 = -2*m + 4*m, 3*y + 4*m - 46 = 0. Suppose 0 = 2*l + 2*w - 12, 2*w - 8 = -2*w. Suppose -2*g = 8, 12 = 2*o - l*g - y. Is 3 a factor of o?
True
Let r be ((-3)/4)/((-5)/120). Let n be (-4)/6 + 1056/r. Suppose 3*i = 5*k + n, 0*i = -i - k + 6. Does 5 divide i?
False
Let i(z) = z**3 - 4*z**2 + 1. Let k be i(4). Is 3 a factor of (k +